2 + 5*g - 1. Let d be l(2). Let w = 473 + d. What is the units digit of w?
0
Suppose p + 151890 = 3*o, 78*p = -3*o + 75*p + 151902. What is the thousands digit of o?
0
Let u(t) = -t**3 + 5*t**2 - 2*t + 2. Let h(a) = -6 - a**3 - 16*a**2 - 92*a + 98*a + 3*a**3. Let r(n) = -2*h(n) - 7*u(n). What is the tens digit of r(3)?
5
Let m = 116 - 43. Suppose m = -3*h - 2. Let z = h - -55. What is the units digit of z?
0
Let f(p) = p**2 + 4*p - 19. Let i be f(-20). Let c = 405 - i. What is the units digit of c?
4
Let u = -52 + 54. Suppose u*j - 3*j + 2 = 0. Suppose -3*s + 4*v + 457 = 2*s, 0 = 4*s + j*v - 350. What is the units digit of s?
9
Let f(c) = 14*c**3 - 5*c**2 + 47*c + 10. What is the thousands digit of f(16)?
6
Let l be (((-7572)/9)/(-2))/((-6)/(-27)). Let f = l + -1183. What is the units digit of f?
0
Suppose 0 = 3*p - 3*f - 16143, 8*p = 5*p + 4*f + 16142. What is the units digit of p?
2
Suppose -201 - 30 = c + 2*v, -v = 3. Suppose 138 + 4 = -o + 5*b, 4*b - 689 = 5*o. Let a = o - c. What is the tens digit of a?
8
Let l(r) = -3*r - 77. Let p be l(0). Let w = p + 79. Suppose -o - 2*o + 226 = -w*j, 4*j - 406 = -5*o. What is the units digit of o?
8
Let d = 2073 + -1311. Let a(y) = 3*y**2 - 52*y - 40. Let w be a(18). What is the hundreds digit of (0 - 3)/(-6) - d/w?
1
Let f(k) = 142*k**2 - 6*k + 23. Let i be f(2). Suppose -s + 2*w = -i, w - 2080 = -3*s - 329. What is the hundreds digit of s?
5
Suppose 2*h - 13738 = 5*k + 28804, k - 42518 = -2*h. What is the thousands digit of h?
1
Let t(x) = x**2 + 10*x - 27. Let h(j) = -j**2 - 10*j + 27. Let l(q) = -6*h(q) - 7*t(q). What is the units digit of l(-10)?
7
Suppose -w + 5*w + 9 = l, -2*l + 5*w + 18 = 0. Let d(a) = 10*a - 17*a - l*a - 5. What is the units digit of d(-2)?
7
Let p be (20/9 - 2)/((-35)/(-315)). Suppose -3*a = 2*k + p*k - 787, -195 = -k + a. What is the tens digit of k?
9
Let x = 754 + -755. What is the hundreds digit of (x + (-793)/(-4))*4?
7
Let t be ((-660)/(-9) - 0) + 2/(-6). Let i = t + -91. What is the hundreds digit of 600/i*(3 + -6)?
1
Let n = 32 + -36. Let x be 2/(-3)*30/n. Suppose -x*m = -4*c - 240, c = -c. What is the units digit of m?
8
Suppose -5*y = -52 - 23. Let k be y/(-10) - 3/(-2). Suppose 3*h + 4*h - 560 = k. What is the tens digit of h?
8
Let y(l) = l**3 - 10*l**2 - 14*l - 22. Suppose -5*u + 2 = -78. What is the thousands digit of y(u)?
1
Suppose 14*b = -4*b + 18. What is the tens digit of (-24024)/14*(20/(-12) + b)?
4
Suppose n = -3*o + 14, n + 2*n = 5*o. Suppose y = o - 0. Suppose y*m + s = 37, 5*s = 24 - 4. What is the units digit of m?
1
Let g(n) = 2*n**3 - 62*n**2 + 85*n - 62. What is the hundreds digit of g(32)?
7
Let c(d) = d**2 + 7*d + 10. Let h be c(-5). Suppose 4*z - 1183 + 111 = 5*q, 2*z + 2*q - 536 = h. Suppose 4*a = 704 - z. What is the hundreds digit of a?
1
Let y be -3 + (4/(-6))/(7/(-273)). Let m = 289 - y. What is the units digit of m?
6
Suppose -1045 = -41*q + 39*q - 3*d, -d = -1. What is the hundreds digit of q?
5
Let d = -42 - -43. Suppose 11*i - 1211 + d = 0. Let z = i + -101. What is the units digit of z?
9
Suppose -9*y = -27*y + 324. What is the units digit of (-5947)/(-6) + -3 + (-3)/y?
8
Let u(j) = 33*j**3 - 2*j**2 - 8*j - 7. Let q be u(4). Suppose 0 = 5*f - 0*z + 4*z - q, 2*z - 413 = -f. What is the units digit of f?
5
Let b(s) = -3*s**3 - 40*s**2 + 73*s + 73. Let i(n) = n**3 + 13*n**2 - 24*n - 24. Let l(h) = 2*b(h) + 7*i(h). What is the units digit of l(-10)?
8
Suppose -206*c - 207*c = -321*c - 7439304. What is the hundreds digit of c?
8
Let h(v) = -2*v + 64. Let c be h(19). Suppose c*j - 25*j = 189. Let s = -120 + j. What is the tens digit of s?
6
Let n be -2 - -7 - (17 - 14) - -8. Suppose 4*y = 2*c - 410, n*c = 7*c - y + 615. What is the units digit of c?
5
Let r = -13548 + 24085. What is the hundreds digit of r?
5
Let i(g) = 306*g - 702. What is the thousands digit of i(13)?
3
Let i(v) = 11*v**2 - 19*v + 46. Let r(c) = 5*c**2 - 9*c + 22. Let h(p) = -2*i(p) + 5*r(p). What is the tens digit of h(-10)?
8
Let j = 10501 - 3401. What is the tens digit of j?
0
Let g(j) be the third derivative of -j**6/120 + 4*j**5/15 + j**4/8 + 35*j**3/2 - 15*j**2 + 2. What is the hundreds digit of g(13)?
6
Let p(q) = 13*q + 41. Let m be p(19). Suppose -2*l - 6*l + m = 0. Suppose 31*w - l*w = -295. What is the tens digit of w?
5
What is the hundreds digit of ((-1323)/(-252))/((-3)/(-1896))?
3
Suppose 0 = -98*g + 94*g. Suppose g = q - s - 280, 0 = 3*q - 4*s - 524 - 318. What is the hundreds digit of q?
2
Let d be (-9)/(-12) + (-15)/(-12). Suppose -d*r + 2*c - 33 = -7*r, -c = -4. Suppose -184 = -r*g - 4*m, 5*g + 30 - 209 = m. What is the tens digit of g?
3
Let x = 2131 + -150. Let c = x + -1365. What is the tens digit of c?
1
Let q(s) = -s**3 - 13*s**2 - 23*s + 19. What is the thousands digit of q(-21)?
4
Let s be (-4 - -3)*-2 + (-5 - -721). Suppose -587 - s = -5*i. What is the tens digit of i?
6
Suppose 44*j + 29467 = -4413. Let d = j - -962. What is the units digit of d?
2
What is the units digit of 44076/30*((-10)/18)/(28/(-126))?
3
Suppose 19*m + 0 = -38. What is the hundreds digit of (-3)/m*(-1900)/(-10)?
2
Suppose 3*t - 75039 = -3*p, -13*t + 4*p - 25034 = -14*t. What is the tens digit of t?
0
What is the tens digit of (-6538 + -8)*-3 - (-14)/(-2 + 0)?
3
Let s = 23 + 4. Let h = 12 - s. What is the tens digit of h/18*4*(-2 + -25)?
9
Suppose -5927 = 39*d - 18056. What is the units digit of d?
1
Let l = 45 - 52. Let u be 668/12 - l/(84/(-8)). Let d = 139 - u. What is the tens digit of d?
8
What is the thousands digit of 1 + ((-982209)/(-34))/((-12)/(-8))?
9
Let r(f) = -45 + 36 + 41 + 2*f + 54. Let l be 10/15 + 2/(-3). What is the units digit of r(l)?
6
Suppose -2*a - 20 = -5*v, 0 = -2*a + 2*v + 2*v - 22. What is the units digit of (-5961)/a - (-4 + (-68)/(-20))?
8
Suppose 0 = -4*r + b + 45028 - 2961, 7*b - 35 = 0. What is the ten thousands digit of r?
1
What is the units digit of (-11 + 27)/(1/(485/10))?
6
Suppose 0 = 5*n + 4*v - 1800 - 214073, 4*n - 172698 = -3*v. What is the ten thousands digit of n?
4
Let t(u) = u**2 + 6*u - 12. Let d be t(-7). Let f(r) be the first derivative of -4*r**2 - 24*r + 17. What is the tens digit of f(d)?
1
Suppose 0 = 29*i + 122*i - 938465. What is the units digit of i?
5
Let s be 9/18*(1 - 11). Let x = s + 54. What is the units digit of x?
9
Suppose 3*y - 4*y - 30 = -3*g, -3*g = 3*y - 18. Suppose r - 70 = -g*r. Let o = 19 - r. What is the units digit of o?
2
Let g(k) be the first derivative of -77*k**2/2 + 15*k + 165. What is the units digit of g(-12)?
9
Let c be (-77)/22 + 5/2. What is the units digit of 3*(6 - c*195)?
3
Suppose 5*m = -4*c + 66962, 25*c + 3*m - 100452 = 19*c. What is the tens digit of c?
4
Let c(h) be the first derivative of 13*h**4/12 - h**3/3 - 2*h**2 - 13*h + 1. Let y(d) be the first derivative of c(d). What is the tens digit of y(-2)?
5
Suppose -33*u + 47091 + 61387 = -373058. What is the units digit of u?
2
Let d(c) = 1272*c - 2234. What is the tens digit of d(20)?
0
Suppose -4*w = 2*k - 56, k = -5*w - 0*k + 64. Suppose -w*q + 11796 = 4380. What is the units digit of q?
8
Let s(x) = 4*x**2 - 4. Let l be (2/4)/((-5)/(-100)). Let f be (-2)/l + (-56)/20. What is the tens digit of s(f)?
3
Suppose -7*h = -3*b - 188342, -178844 = -4*h + 3*b - 71211. What is the hundreds digit of h?
9
Let o(t) = t + 13. Let i be o(-13). Suppose 2*y = -4*g + 6*y + 1220, -2*g - 2*y + 590 = i. Suppose -47*a - g = -50*a. What is the hundreds digit of a?
1
Suppose -5*q + 7*q + 24 = -4*b, -4*b = 16. What is the units digit of (-78)/q - (-20)/(-40)?
9
Suppose 0 = -13*q + 65359 - 16766 + 5344. What is the thousands digit of q?
4
Let p be (-87)/(-145) + 3/(-5). Suppose p = -57*g - 1789 + 45850. What is the hundreds digit of g?
7
Let z(h) = -29*h**2 + 1764*h + 13. What is the thousands digit of z(17)?
1
Let d be ((-165)/(-20) + -6)*8/3. Suppose d*b = -2*b + 120. Suppose 0 = -y - b + 20. What is the units digit of y?
5
Let h be ((-194)/3)/((-1)/3). Let n = 359 + h. What is the tens digit of n?
5
Suppose 3752*r + 452487 = 3781*r. What is the tens digit of r?
0
Let t(o) = 500*o + 101. What is the ten thousands digit of t(20)?
1
Let s = 9904 - 1040. What is the tens digit of s?
6
Let y = -229 + 684. Suppose y*m = 448*m + 2107. What is the units d